{"id":706,"date":"2022-10-02T15:46:21","date_gmt":"2022-10-02T18:46:21","guid":{"rendered":"https:\/\/newsite.tixtools.com.ar\/inicio\/?page_id=706"},"modified":"2022-10-02T15:46:21","modified_gmt":"2022-10-02T18:46:21","slug":"detener-impresion-y-limpiar-la-cola","status":"publish","type":"page","link":"https:\/\/tixtools.com.ar\/inicio\/detener-impresion-y-limpiar-la-cola\/","title":{"rendered":"Detener Impresion y Limpiar la Cola"},"content":{"rendered":"\n<p>\u00bfTe ha sucedido que hiciste click en \u201cImprimir\u201d y, de pronto te das cuenta de que <strong>te has equivocado de archivo<\/strong> o est\u00e1s imprimiendo m\u00e1s p\u00e1ginas de las necesarias ? <\/p>\n\n\n\n<p><strong>Ley de Murphy<\/strong> mediante, eso suele ocurrir cuando el documento que enviaste a la impresora tiene centenares de hojas. ( Corolario 17 de Murphy: <strong>&#8216;Todo contratiempo ocurre justamente cuando maximiza el da\u00f1o<\/strong>)\u00b4.<\/p>\n\n\n\n<p>Apagar y re-encender la impresora no produce ning\u00fan resultado (en Windows) ya que gracias a esa maravilla que se llama <strong>memoria din\u00e1mica<\/strong>, todo lo que mandamos a imprimir ya est\u00e1 prolijamente almacenado en una <strong>memoria transitoria llamada &#8216;buffer&#8217; o cola de impresi\u00f3n<\/strong>.<\/p>\n\n\n\n<p>Aqu\u00ed <strong>uno de los m\u00faltiples m\u00e9todos<\/strong> para salir del atolladero &#8230; tal vez su \u00fanica virtud es la simplicidad, incluso para no-inform\u00e1ticos: <\/p>\n\n\n\n<p>Luego de (obviamente) <strong>apagar la impresora<\/strong> para que no siga &#8216;escupiendo&#8217; hoja tras hoja:<\/p>\n\n\n\n<p>1.- En el casillero de b\u00fasqueda escribe <strong>CMD &lt;enter><\/strong> abriendo el simbolo de sistema como Administrador<\/p>\n\n\n\n<p>2.- Introduce el siguiente comando CMD: <strong>services.msc<\/strong> &lt;enter><\/p>\n\n\n\n<p>3.- Se abre la ventana de \u201cServicios\u201d. Haz clic en \u201c<strong>Cola de impresi\u00f3n<\/strong>\u201d y selecciona \u201c<strong>Detener<\/strong>\u201d en el cuadro que aparece.<\/p>\n\n\n\n<p><\/p>\n\n\n\n<figure class=\"wp-block-image\"><a href=\"https:\/\/www.ionos.es\/digitalguide\/fileadmin\/DigitalGuide\/Screenshots_2021\/clearing-the-print-spooler-in-the-services-menu.png\"><img decoding=\"async\" src=\"https:\/\/www.ionos.es\/digitalguide\/fileadmin\/DigitalGuide\/Screenshots_2021\/clearing-the-print-spooler-in-the-services-menu.png\" alt=\"Impresora: eliminar la cola de impresi\u00f3n en \u201cServicios\u201d\" title=\"Impresora: eliminar la cola de impresi\u00f3n en \u201cServicios\u201d\"\/><\/a><figcaption><br>4.- Introduce la ruta \u201c<strong>WINDOWS\\System32\\spool\\PRINTERS<\/strong>\u201d en el explorador de Windows y elimina todos los archivos de impresi\u00f3n temporales.<br><br>5.- Vuelve a abrir el men\u00fa \u201cServicios\u201d a trav\u00e9s del s\u00edmbolo del sistema con el comando CMD \u201c<strong>services.msc<\/strong>\u201d y reanuda la cola de impresi\u00f3n pulsando \u201cIniciar\u201d.<\/figcaption><\/figure>\n\n\n\n<p>6.- Vuelve a <strong>encender la impresora<\/strong>.<\/p>\n\n\n\n<p>That&#8217;s all, folks<\/p>\n\n\n\n<p><\/p>\n","protected":false},"excerpt":{"rendered":"<p>\u00bfTe ha sucedido que hiciste click en \u201cImprimir\u201d y, de pronto te das cuenta de que te has equivocado de archivo o est\u00e1s imprimiendo m\u00e1s p\u00e1ginas de las necesarias ?&hellip;<\/p>\n","protected":false},"author":1,"featured_media":0,"parent":0,"menu_order":0,"comment_status":"closed","ping_status":"closed","template":"","meta":{"sfsi_plus_gutenberg_text_before_share":"","sfsi_plus_gutenberg_show_text_before_share":"","sfsi_plus_gutenberg_icon_type":"","sfsi_plus_gutenberg_icon_alignemt":"","sfsi_plus_gutenburg_max_per_row":"","footnotes":""},"_links":{"self":[{"href":"https:\/\/tixtools.com.ar\/inicio\/wp-json\/wp\/v2\/pages\/706"}],"collection":[{"href":"https:\/\/tixtools.com.ar\/inicio\/wp-json\/wp\/v2\/pages"}],"about":[{"href":"https:\/\/tixtools.com.ar\/inicio\/wp-json\/wp\/v2\/types\/page"}],"author":[{"embeddable":true,"href":"https:\/\/tixtools.com.ar\/inicio\/wp-json\/wp\/v2\/users\/1"}],"replies":[{"embeddable":true,"href":"https:\/\/tixtools.com.ar\/inicio\/wp-json\/wp\/v2\/comments?post=706"}],"version-history":[{"count":2,"href":"https:\/\/tixtools.com.ar\/inicio\/wp-json\/wp\/v2\/pages\/706\/revisions"}],"predecessor-version":[{"id":708,"href":"https:\/\/tixtools.com.ar\/inicio\/wp-json\/wp\/v2\/pages\/706\/revisions\/708"}],"wp:attachment":[{"href":"https:\/\/tixtools.com.ar\/inicio\/wp-json\/wp\/v2\/media?parent=706"}],"curies":[{"name":"wp","href":"https:\/\/api.w.org\/{rel}","templated":true}]}}