{"id":694,"date":"2022-09-25T12:54:38","date_gmt":"2022-09-25T15:54:38","guid":{"rendered":"https:\/\/newsite.tixtools.com.ar\/inicio\/?page_id=694"},"modified":"2022-09-26T15:50:40","modified_gmt":"2022-09-26T18:50:40","slug":"configuracion-de-servidor-sql-server","status":"publish","type":"page","link":"https:\/\/tixtools.com.ar\/inicio\/configuracion-de-servidor-sql-server\/","title":{"rendered":"Configuracion de Servidor SQL Server"},"content":{"rendered":"\n<p><strong>Configuracion de SQL Server para Aceptar Conexiones Externas (LAN y otras)<\/strong><\/p>\n\n\n\n<p>En instalaciones sobre red de area local LAN debe configurarse el servidor para aceptar conexiones externas.<\/p>\n\n\n\n<p>La presente secuencia permite realizar la configuracion del servidor SQL Server <strong>por fuera de TIXTOOLS<\/strong>. Para verificar la correcta consiguraci\u00f3n refierase al documento <a href=\"http:\/\/tixtools.com.ar\/A_DOCUMENTACION\/INSTRUCTIVOS\/Instructivo%20Revision%20de%20Accesos%20por%20ODBC.pdf\">&#8216;<strong>Instructivo Revision de Accesos por ODBC<\/strong>&#8216;.<\/a><\/p>\n\n\n\n<div style=\"height:13px\" aria-hidden=\"true\" class=\"wp-block-spacer\"><\/div>\n\n\n\n<p><strong>A) Configurar la base de datos de Microsoft SQL Server para el acceso remoto:<\/strong><\/p>\n\n\n\n<ol><li>Inicie <strong>SQL Server Management Studio<\/strong>.<\/li><li>En el explorador de objetos, haga clic con el bot\u00f3n derecho sobre el servidor y seleccione <strong>Propiedades<\/strong>.<\/li><li>Haga clic en <strong>Conexiones<\/strong>.<\/li><li>Bajo Conexiones de servidor remoto, seleccione <strong>Permitir conexiones remotas con este servidor<\/strong>.<\/li><li>Haga clic en <strong>Aceptar<\/strong> para guardar los cambios. No hace falta reiniciar el servidor despu\u00e9s de cambiar este ajuste.<\/li><li>Aseg\u00farese de que los protocolos TCP\/IP est\u00e1n activados y que el firewall est\u00e1 ajustado para permitir el puerto 1433.<\/li><\/ol>\n\n\n\n<div style=\"height:23px\" aria-hidden=\"true\" class=\"wp-block-spacer\"><\/div>\n\n\n\n<p><strong>B) Configuraci\u00f3n de SQL Server:<\/strong><\/p>\n\n\n\n<ol><li>Instale Microsoft SQL Server 2008, 2012 o 2014. Las instrucciones para hacerlo se pueden encontrar en la web de Microsoft Developer Network. Aseg\u00farese de que utiliza la autenticaci\u00f3n en <strong>modo mixto<\/strong>. TIXTOOLS es compatible con la instancia predeterminada del servidor de Microsoft SQL, adem\u00e1s de cualquier instancia personalizada.<\/li><li>Una vez completada la instalaci\u00f3n, abra <strong>SQL Server Management Studio <\/strong>e inicie sesi\u00f3n.<\/li><\/ol>\n\n\n\n<p class=\"has-text-align-center\">==================================<\/p>\n\n\n\n<ol><li>Busque <strong>Seguridad &gt; Inicio de sesi\u00f3n <\/strong>y seleccione <strong>Nuevo inicio de sesi\u00f3n <\/strong>en el men\u00fa contextual.<\/li><li>Introduzca un nombre de usuario.<\/li><li>Seleccione la opci\u00f3n <strong>Autenticaci\u00f3n del servidor SQL<\/strong>.<\/li><li>Introduzca y confirme la contrase\u00f1a de la base de datos.<\/li><li>Borre la opci\u00f3n <strong>Exigir expiraci\u00f3n de contrase\u00f1a<\/strong>.<\/li><li>Haga clic en <strong>Aceptar<\/strong>.<\/li><li>Haga clic con el bot\u00f3n derecho en el nuevo inicio de sesi\u00f3n y seleccione <strong>Propiedades<\/strong>.<\/li><li>Haga clic en <strong>Roles de servidor<\/strong>.<\/li><li>Seleccione <strong>dbcreator<\/strong>.<\/li><li>Haga clic en <strong>Aceptar<\/strong>.<\/li><\/ol>\n\n\n\n<p class=\"has-text-align-center\">==================================<\/p>\n\n\n\n<ol><li>Ejecute el <strong>Administrador de configuraci\u00f3n del servidor SQL (SQL Server Configuration Manager) <\/strong>y acceda a <strong>Configuraci\u00f3n de red del servidor SQL &gt; Protocolos<\/strong>.<\/li><li>Localice el servidor y haga clic con el bot\u00f3n derecho para seleccionar <strong>Habilitar TCP\/IP<\/strong>. Ignore el aviso que aparecer\u00e1.<\/li><li>Haga doble clic sobre <strong>TCP\/IP<\/strong> y haga click en la pesta\u00f1a <strong>Protocolo<\/strong>. Deben quedar <strong>Enabled = Yes<\/strong> y <strong>Listen All = Yes<\/strong>.<\/li><li>Haga clic en la pesta\u00f1a <strong>Direcciones IP<\/strong>.<\/li><li>Despl\u00e1cese hasta <strong>Todas las IP<\/strong> e introduzca <code><strong>1433<\/strong><\/code> en el campo <strong>Puertos din\u00e1micos TCP <\/strong>y tambi\u00e9n en el campo <strong>Puertos TCP <\/strong>del cap\u00edtulo<strong> IPAll <\/strong>(al final de todo)<\/li><li>Haga clic en <strong>Aceptar<\/strong>. Ignore el aviso que aparecer\u00e1.<\/li><li>Busque <strong>Servicios de SQL Server<\/strong>, haga clic con el bot\u00f3n derecho en el servidor y en <strong>Reiniciar<\/strong>.<\/li><\/ol>\n\n\n\n<div style=\"height:14px\" aria-hidden=\"true\" class=\"wp-block-spacer\"><\/div>\n\n\n\n<p>No es necesario crear la base de datos antes de instalar <strong>TIXTOOLS<\/strong>, \u00e9stas se crean cuando se ejecuta el instalador de <strong>TIXTOOLS<\/strong>.<\/p>\n\n\n\n<p><strong>Nota: <\/strong>En algunas circunstancias, para comunicarse con la base de datos es necesario <strong>habilitar el protocolo TCP\/IP<\/strong> y ajustarlo al puerto 1433 desde el Administrador de configuraci\u00f3n de SQL Server.<\/p>\n\n\n\n<p>Tambi\u00e9n es necesario<strong> abrir este puerto<\/strong> mediante la <strong>red y los firewalls del equipo<\/strong>.<\/p>\n\n\n\n<p>Si utiliza i<strong>nstancias con nombre<\/strong>, tambi\u00e9n deber\u00e1 abrir el <strong>puerto 1434.<\/strong><\/p>\n","protected":false},"excerpt":{"rendered":"<p>Configuracion de SQL Server para Aceptar Conexiones Externas (LAN y otras) En instalaciones sobre red de area local LAN debe configurarse el servidor para aceptar conexiones externas. La presente secuencia&hellip;<\/p>\n","protected":false},"author":1,"featured_media":0,"parent":0,"menu_order":0,"comment_status":"closed","ping_status":"closed","template":"","meta":{"sfsi_plus_gutenberg_text_before_share":"","sfsi_plus_gutenberg_show_text_before_share":"","sfsi_plus_gutenberg_icon_type":"","sfsi_plus_gutenberg_icon_alignemt":"","sfsi_plus_gutenburg_max_per_row":"","footnotes":""},"_links":{"self":[{"href":"https:\/\/tixtools.com.ar\/inicio\/wp-json\/wp\/v2\/pages\/694"}],"collection":[{"href":"https:\/\/tixtools.com.ar\/inicio\/wp-json\/wp\/v2\/pages"}],"about":[{"href":"https:\/\/tixtools.com.ar\/inicio\/wp-json\/wp\/v2\/types\/page"}],"author":[{"embeddable":true,"href":"https:\/\/tixtools.com.ar\/inicio\/wp-json\/wp\/v2\/users\/1"}],"replies":[{"embeddable":true,"href":"https:\/\/tixtools.com.ar\/inicio\/wp-json\/wp\/v2\/comments?post=694"}],"version-history":[{"count":5,"href":"https:\/\/tixtools.com.ar\/inicio\/wp-json\/wp\/v2\/pages\/694\/revisions"}],"predecessor-version":[{"id":702,"href":"https:\/\/tixtools.com.ar\/inicio\/wp-json\/wp\/v2\/pages\/694\/revisions\/702"}],"wp:attachment":[{"href":"https:\/\/tixtools.com.ar\/inicio\/wp-json\/wp\/v2\/media?parent=694"}],"curies":[{"name":"wp","href":"https:\/\/api.w.org\/{rel}","templated":true}]}}