{"id":664,"date":"2022-09-21T12:47:35","date_gmt":"2022-09-21T15:47:35","guid":{"rendered":"https:\/\/newsite.tixtools.com.ar\/inicio\/?page_id=664"},"modified":"2022-09-21T12:47:35","modified_gmt":"2022-09-21T15:47:35","slug":"opciones-escritorio-remoto","status":"publish","type":"page","link":"https:\/\/tixtools.com.ar\/inicio\/opciones-escritorio-remoto\/","title":{"rendered":"Opciones Escritorio Remoto"},"content":{"rendered":"\n<p>Una vez iniciada la conexion al Escritorio Remoto aparece esta pantalla inicial:<\/p>\n\n\n<div class=\"wp-block-image\">\n<figure class=\"aligncenter size-full\"><img loading=\"lazy\" decoding=\"async\" width=\"410\" height=\"248\" src=\"https:\/\/newsite.tixtools.com.ar\/wp-content\/uploads\/2022\/09\/Escritorio_Remoto_1.jpg\" alt=\"\" class=\"wp-image-665\" srcset=\"https:\/\/tixtools.com.ar\/wp-content\/uploads\/2022\/09\/Escritorio_Remoto_1.jpg 410w, https:\/\/tixtools.com.ar\/wp-content\/uploads\/2022\/09\/Escritorio_Remoto_1-300x181.jpg 300w\" sizes=\"(max-width: 410px) 100vw, 410px\" \/><\/figure><\/div>\n\n\n<p>Para configurar las opciones de conexion (normalmente son persistentes), seleccione el equipo destino o ingrese su IP en el casillero &#8216;Equipo&#8217; y haga click sobre el boton Opciones.<\/p>\n\n\n<div class=\"wp-block-image\">\n<figure class=\"aligncenter size-full\"><img loading=\"lazy\" decoding=\"async\" width=\"410\" height=\"468\" src=\"https:\/\/newsite.tixtools.com.ar\/wp-content\/uploads\/2022\/09\/Escritorio_Remoto_2.jpg\" alt=\"\" class=\"wp-image-666\" srcset=\"https:\/\/tixtools.com.ar\/wp-content\/uploads\/2022\/09\/Escritorio_Remoto_2.jpg 410w, https:\/\/tixtools.com.ar\/wp-content\/uploads\/2022\/09\/Escritorio_Remoto_2-263x300.jpg 263w\" sizes=\"(max-width: 410px) 100vw, 410px\" \/><\/figure><\/div>\n\n\n<p>Si lo desea cambie el nombre de usuario y en ese caso marque la opci\u00f3n &#8216;Solicitar Siempre Credenciales&#8217;.<\/p>\n\n\n\n<p>Pase a la solapa &#8216;Recursos Locales&#8217;<\/p>\n\n\n<div class=\"wp-block-image\">\n<figure class=\"aligncenter size-full\"><img loading=\"lazy\" decoding=\"async\" width=\"411\" height=\"470\" src=\"https:\/\/newsite.tixtools.com.ar\/wp-content\/uploads\/2022\/09\/Escritorio_Remoto_3.jpg\" alt=\"\" class=\"wp-image-667\" srcset=\"https:\/\/tixtools.com.ar\/wp-content\/uploads\/2022\/09\/Escritorio_Remoto_3.jpg 411w, https:\/\/tixtools.com.ar\/wp-content\/uploads\/2022\/09\/Escritorio_Remoto_3-262x300.jpg 262w\" sizes=\"(max-width: 411px) 100vw, 411px\" \/><\/figure><\/div>\n\n\n<p>Verifique que est\u00e9n tildadas las opciones &#8216;Impresoras&#8217; y &#8216;Portapapeles&#8217; para poder invocarlas desde el escritorio remoto. Haga click sobre el bot\u00f3n &#8216;Mas&#8217;<\/p>\n\n\n<div class=\"wp-block-image\">\n<figure class=\"aligncenter size-full\"><img loading=\"lazy\" decoding=\"async\" width=\"411\" height=\"432\" src=\"https:\/\/newsite.tixtools.com.ar\/wp-content\/uploads\/2022\/09\/Escritorio_Remoto_4.jpg\" alt=\"\" class=\"wp-image-668\" srcset=\"https:\/\/tixtools.com.ar\/wp-content\/uploads\/2022\/09\/Escritorio_Remoto_4.jpg 411w, https:\/\/tixtools.com.ar\/wp-content\/uploads\/2022\/09\/Escritorio_Remoto_4-285x300.jpg 285w\" sizes=\"(max-width: 411px) 100vw, 411px\" \/><\/figure><\/div>\n\n\n<p>Defina y tilde las opciones de los dispositivos que desee usar en la conexion remota. Tenga presente en particular que:<\/p>\n\n\n\n<p>a) Muchas impresoras locales suelen estar conectadas a trav\u00e9s de un puerto USB, por lo que si desea usar su impresora local deber\u00e1 mantener tildada la opci\u00f3n &#8216;Puertos&#8217;<\/p>\n\n\n\n<p>b) Si desea tener acceso a su escritorio local (el de su PC), debe mantener tildada &#8216;Disco local (C:)&#8217; ya que el escritorio local se accede a trav\u00e9s de este disco.<\/p>\n\n\n\n<p>c) Las restantes opciones son facultativas \u2026 mantenerlas disponibles no suele causar da\u00f1o ni (en general) afectar la performance.<\/p>\n\n\n\n<p>Finalice esta parte de la configuracion con click sobre bot\u00f3n &#8216;Aceptar&#8217;.<\/p>\n\n\n<div class=\"wp-block-image\">\n<figure class=\"aligncenter size-full\"><img loading=\"lazy\" decoding=\"async\" width=\"411\" height=\"470\" src=\"https:\/\/newsite.tixtools.com.ar\/wp-content\/uploads\/2022\/09\/Escritorio_Remoto_5.jpg\" alt=\"\" class=\"wp-image-669\" srcset=\"https:\/\/tixtools.com.ar\/wp-content\/uploads\/2022\/09\/Escritorio_Remoto_5.jpg 411w, https:\/\/tixtools.com.ar\/wp-content\/uploads\/2022\/09\/Escritorio_Remoto_5-262x300.jpg 262w\" sizes=\"(max-width: 411px) 100vw, 411px\" \/><\/figure><\/div>\n\n\n<p>Conectese con click sobre &#8216;Conectar&#8217;<\/p>\n\n\n<div class=\"wp-block-image\">\n<figure class=\"aligncenter size-full\"><img loading=\"lazy\" decoding=\"async\" width=\"501\" height=\"273\" src=\"https:\/\/newsite.tixtools.com.ar\/wp-content\/uploads\/2022\/09\/Escritorio_Remoto_6.jpg\" alt=\"\" class=\"wp-image-670\" srcset=\"https:\/\/tixtools.com.ar\/wp-content\/uploads\/2022\/09\/Escritorio_Remoto_6.jpg 501w, https:\/\/tixtools.com.ar\/wp-content\/uploads\/2022\/09\/Escritorio_Remoto_6-300x163.jpg 300w\" sizes=\"(max-width: 501px) 100vw, 501px\" \/><\/figure><\/div>\n\n\n<p>Acceda con click sobre &#8216;Conectar&#8217;<\/p>\n\n\n<div class=\"wp-block-image\">\n<figure class=\"aligncenter size-full\"><img loading=\"lazy\" decoding=\"async\" width=\"429\" height=\"319\" src=\"https:\/\/newsite.tixtools.com.ar\/wp-content\/uploads\/2022\/09\/Escritorio_Remoto_7.jpg\" alt=\"\" class=\"wp-image-671\" srcset=\"https:\/\/tixtools.com.ar\/wp-content\/uploads\/2022\/09\/Escritorio_Remoto_7.jpg 429w, https:\/\/tixtools.com.ar\/wp-content\/uploads\/2022\/09\/Escritorio_Remoto_7-300x223.jpg 300w\" sizes=\"(max-width: 429px) 100vw, 429px\" \/><\/figure><\/div>\n\n\n<p>Ingrese su Password y haga click sobre &#8216;Aceptar&#8217;. Si lo desea puede mantener tildada la opcion &#8216;Recordar mis credenciales&#8217; para futuros accesos desde la misma estacion cliente.<\/p>\n\n\n\n<p><br><\/p>\n","protected":false},"excerpt":{"rendered":"<p>Una vez iniciada la conexion al Escritorio Remoto aparece esta pantalla inicial: Para configurar las opciones de conexion (normalmente son persistentes), seleccione el equipo destino o ingrese su IP en&hellip;<\/p>\n","protected":false},"author":1,"featured_media":0,"parent":0,"menu_order":0,"comment_status":"closed","ping_status":"closed","template":"","meta":{"sfsi_plus_gutenberg_text_before_share":"","sfsi_plus_gutenberg_show_text_before_share":"","sfsi_plus_gutenberg_icon_type":"","sfsi_plus_gutenberg_icon_alignemt":"","sfsi_plus_gutenburg_max_per_row":"","footnotes":""},"_links":{"self":[{"href":"https:\/\/tixtools.com.ar\/inicio\/wp-json\/wp\/v2\/pages\/664"}],"collection":[{"href":"https:\/\/tixtools.com.ar\/inicio\/wp-json\/wp\/v2\/pages"}],"about":[{"href":"https:\/\/tixtools.com.ar\/inicio\/wp-json\/wp\/v2\/types\/page"}],"author":[{"embeddable":true,"href":"https:\/\/tixtools.com.ar\/inicio\/wp-json\/wp\/v2\/users\/1"}],"replies":[{"embeddable":true,"href":"https:\/\/tixtools.com.ar\/inicio\/wp-json\/wp\/v2\/comments?post=664"}],"version-history":[{"count":2,"href":"https:\/\/tixtools.com.ar\/inicio\/wp-json\/wp\/v2\/pages\/664\/revisions"}],"predecessor-version":[{"id":673,"href":"https:\/\/tixtools.com.ar\/inicio\/wp-json\/wp\/v2\/pages\/664\/revisions\/673"}],"wp:attachment":[{"href":"https:\/\/tixtools.com.ar\/inicio\/wp-json\/wp\/v2\/media?parent=664"}],"curies":[{"name":"wp","href":"https:\/\/api.w.org\/{rel}","templated":true}]}}