{"id":409,"date":"2022-08-28T17:41:11","date_gmt":"2022-08-28T20:41:11","guid":{"rendered":"https:\/\/newsite.tixtools.com.ar\/inicio\/?page_id=409"},"modified":"2022-08-28T17:59:17","modified_gmt":"2022-08-28T20:59:17","slug":"socios-de-negocio","status":"publish","type":"page","link":"https:\/\/tixtools.com.ar\/inicio\/socios-de-negocio\/","title":{"rendered":"Socios de Negocio"},"content":{"rendered":"\n<div class=\"wp-block-columns is-layout-flex wp-container-core-columns-layout-1 wp-block-columns-is-layout-flex\">\n<div class=\"wp-block-column is-layout-flow wp-block-column-is-layout-flow\">\n<p>Las aplicaciones y servicios&nbsp;<strong>tiXtools&nbsp;<\/strong>se distribuyen a trav\u00e9s de la Red de&nbsp;<strong>\u2018Partners\u2019<\/strong>, integrada por consultores y especialistas independientes autorizados a<strong>&nbsp;promover las aplicaciones<\/strong>&nbsp;y prestar los correspondientes&nbsp;<strong>servicios de implementaci\u00f3n<\/strong>.<\/p>\n\n\n\n<p>El consultor puede prestar servicios de diverso tipo:<\/p>\n<\/div>\n\n\n\n<div class=\"wp-block-column is-layout-flow wp-block-column-is-layout-flow\">\n<figure class=\"wp-block-image size-full is-resized\"><img loading=\"lazy\" decoding=\"async\" src=\"https:\/\/newsite.tixtools.com.ar\/wp-content\/uploads\/2022\/08\/Socios.jpg\" alt=\"\" class=\"wp-image-410\" width=\"404\" height=\"261\" srcset=\"https:\/\/tixtools.com.ar\/wp-content\/uploads\/2022\/08\/Socios.jpg 912w, https:\/\/tixtools.com.ar\/wp-content\/uploads\/2022\/08\/Socios-300x194.jpg 300w, https:\/\/tixtools.com.ar\/wp-content\/uploads\/2022\/08\/Socios-768x497.jpg 768w\" sizes=\"(max-width: 404px) 100vw, 404px\" \/><\/figure>\n<\/div>\n<\/div>\n\n\n\n<div class=\"wp-block-columns is-layout-flex wp-container-core-columns-layout-2 wp-block-columns-is-layout-flex\">\n<div class=\"wp-block-column is-layout-flow wp-block-column-is-layout-flow\">\n<p>Puede limitarse al&nbsp;<strong>referenciamiento y\/o promoci\u00f3n comercial<\/strong> (con el honorario correspondiente), hasta&nbsp;<strong>desarrollar sus propias aplicaciones<\/strong>&nbsp;utilizando las herramientas que<strong>&nbsp;tiXtools<\/strong>&nbsp;ofrece para tal fin.<\/p>\n\n\n\n<p>Las&nbsp;<strong>aplicaciones espec\u00edficas<\/strong>&nbsp;desarrolladas por cada consultor&nbsp;<strong>pueden ser libremente comercializadas por este<\/strong>, con la sola condici\u00f3n de co-responsabilizarse por el&nbsp;<strong>correcto y legal licenciamiento de la aplicaci\u00f3n b\u00e1sica (plataforma)&nbsp;<\/strong>correspondiente a la nueva implementaci\u00f3n.<\/p>\n<\/div>\n<\/div>\n\n\n\n<div class=\"wp-block-columns is-layout-flex wp-container-core-columns-layout-3 wp-block-columns-is-layout-flex\">\n<div class=\"wp-block-column is-layout-flow wp-block-column-is-layout-flow\">\n<figure class=\"wp-block-image size-large\"><img loading=\"lazy\" decoding=\"async\" width=\"1024\" height=\"773\" src=\"https:\/\/newsite.tixtools.com.ar\/wp-content\/uploads\/2022\/08\/alianza14-1024x773.jpg\" alt=\"\" class=\"wp-image-416\" srcset=\"https:\/\/tixtools.com.ar\/wp-content\/uploads\/2022\/08\/alianza14-1024x773.jpg 1024w, https:\/\/tixtools.com.ar\/wp-content\/uploads\/2022\/08\/alianza14-300x226.jpg 300w, https:\/\/tixtools.com.ar\/wp-content\/uploads\/2022\/08\/alianza14-768x579.jpg 768w, https:\/\/tixtools.com.ar\/wp-content\/uploads\/2022\/08\/alianza14.jpg 1108w\" sizes=\"(max-width: 1024px) 100vw, 1024px\" \/><\/figure>\n<\/div>\n\n\n\n<div class=\"wp-block-column is-layout-flow wp-block-column-is-layout-flow\">\n<p>Las aplicaciones desarrolladas por el consultor se publican y ofrecen en nuestra p\u00e1gina web, constituyendo&nbsp;<strong>un canal de comercializaci\u00f3n de los desarrollos y servicios del consultor<\/strong>, a cambio de una peque\u00f1a comisi\u00f3n. <\/p>\n\n\n\n<p>Tambi\u00e9n puede el consultor limitarse a algunas de las siguientes actividades, con un esquema comercial correspondiente a cada una de ellas:<\/p>\n<\/div>\n<\/div>\n\n\n\n<ul><li>Referenciamiento comercial y consultor\u00eda funcional<\/li><li>Relevamiento y dise\u00f1o. Elaboraci\u00f3n de documentaci\u00f3n de alcance<\/li><li>Instalaci\u00f3n, configuraci\u00f3n<\/li><li>Migraci\u00f3n de bases de datos<\/li><li>Capacitaci\u00f3n de usuarios<\/li><li>Supervisi\u00f3n de funcionamiento<\/li><li>Soporte conceptual y\/o funcional<\/li><li>Construcci\u00f3n y operaci\u00f3n de interfases sincr\u00f3nicas o asincr\u00f3nicas<\/li><li>Administraci\u00f3n y generaci\u00f3n de consultas y reportes<\/li><li>Desarrollos complementarios mediante herramientas propias o scripts.<\/li><\/ul>\n\n\n\n<div class=\"wp-block-columns is-layout-flex wp-container-core-columns-layout-4 wp-block-columns-is-layout-flex\">\n<div class=\"wp-block-column is-layout-flow wp-block-column-is-layout-flow\">\n<p>Para el cliente final se ofrece tambi\u00e9n la opci\u00f3n de la<strong>\u00a0auto-implementaci\u00f3n<\/strong>, a trav\u00e9s de\u00a0<strong>personal propio o de prestadores inform\u00e1ticos de su confianza,<\/strong>\u00a0con la capacitaci\u00f3n y supervisi\u00f3n directa de tiXtools. Consulte por esta modalidad.<\/p>\n<\/div>\n\n\n\n<div class=\"wp-block-column is-layout-flow wp-block-column-is-layout-flow\">\n<figure class=\"wp-block-image size-large\"><img loading=\"lazy\" decoding=\"async\" width=\"1024\" height=\"602\" src=\"https:\/\/newsite.tixtools.com.ar\/wp-content\/uploads\/2022\/08\/alianza13-1024x602.jpg\" alt=\"\" class=\"wp-image-423\" srcset=\"https:\/\/tixtools.com.ar\/wp-content\/uploads\/2022\/08\/alianza13-1024x602.jpg 1024w, https:\/\/tixtools.com.ar\/wp-content\/uploads\/2022\/08\/alianza13-300x176.jpg 300w, https:\/\/tixtools.com.ar\/wp-content\/uploads\/2022\/08\/alianza13-768x452.jpg 768w, https:\/\/tixtools.com.ar\/wp-content\/uploads\/2022\/08\/alianza13.jpg 1105w\" sizes=\"(max-width: 1024px) 100vw, 1024px\" \/><\/figure>\n<\/div>\n<\/div>\n\n\n\n<div class=\"wp-block-columns is-layout-flex wp-container-core-columns-layout-5 wp-block-columns-is-layout-flex\">\n<div class=\"wp-block-column is-layout-flow wp-block-column-is-layout-flow\">\n<p>Para conocer la\u00a0<strong>lista de implementadores certificados<\/strong>\u00a0haga click\u00a0<strong><a href=\"https:\/\/newsite.tixtools.com.ar\/inicio\/contacto\/\">aqui<\/a><\/strong><a href=\"https:\/\/tixtools.net.ar\/contacto\/\">.<\/a><\/p>\n\n\n\n<p>Para conocer las condiciones para ser \u2018partner\u2019 env\u00edenos un e-mail a<strong><a href=\"mailto:info@tixtools.com.ar\">&nbsp;info@tixtools.com.ar<\/a><\/strong><\/p>\n<\/div>\n<\/div>\n","protected":false},"excerpt":{"rendered":"<p>Las aplicaciones y servicios&nbsp;tiXtools&nbsp;se distribuyen a trav\u00e9s de la Red de&nbsp;\u2018Partners\u2019, integrada por consultores y especialistas independientes autorizados a&nbsp;promover las aplicaciones&nbsp;y prestar los correspondientes&nbsp;servicios de implementaci\u00f3n. El consultor puede prestar&hellip;<\/p>\n","protected":false},"author":1,"featured_media":0,"parent":0,"menu_order":0,"comment_status":"closed","ping_status":"closed","template":"","meta":{"sfsi_plus_gutenberg_text_before_share":"","sfsi_plus_gutenberg_show_text_before_share":"","sfsi_plus_gutenberg_icon_type":"","sfsi_plus_gutenberg_icon_alignemt":"","sfsi_plus_gutenburg_max_per_row":"","footnotes":""},"_links":{"self":[{"href":"https:\/\/tixtools.com.ar\/inicio\/wp-json\/wp\/v2\/pages\/409"}],"collection":[{"href":"https:\/\/tixtools.com.ar\/inicio\/wp-json\/wp\/v2\/pages"}],"about":[{"href":"https:\/\/tixtools.com.ar\/inicio\/wp-json\/wp\/v2\/types\/page"}],"author":[{"embeddable":true,"href":"https:\/\/tixtools.com.ar\/inicio\/wp-json\/wp\/v2\/users\/1"}],"replies":[{"embeddable":true,"href":"https:\/\/tixtools.com.ar\/inicio\/wp-json\/wp\/v2\/comments?post=409"}],"version-history":[{"count":9,"href":"https:\/\/tixtools.com.ar\/inicio\/wp-json\/wp\/v2\/pages\/409\/revisions"}],"predecessor-version":[{"id":424,"href":"https:\/\/tixtools.com.ar\/inicio\/wp-json\/wp\/v2\/pages\/409\/revisions\/424"}],"wp:attachment":[{"href":"https:\/\/tixtools.com.ar\/inicio\/wp-json\/wp\/v2\/media?parent=409"}],"curies":[{"name":"wp","href":"https:\/\/api.w.org\/{rel}","templated":true}]}}