{"id":202,"date":"2022-08-25T17:02:48","date_gmt":"2022-08-25T20:02:48","guid":{"rendered":"https:\/\/newsite.tixtools.com.ar\/inicio\/?page_id=202"},"modified":"2022-08-31T14:38:07","modified_gmt":"2022-08-31T17:38:07","slug":"mision-vision-valores","status":"publish","type":"page","link":"https:\/\/tixtools.com.ar\/inicio\/mision-vision-valores\/","title":{"rendered":"Mision &#8211; Vision &#8211; Valores"},"content":{"rendered":"\n<div class=\"wp-block-columns is-layout-flex wp-container-core-columns-layout-1 wp-block-columns-is-layout-flex\">\n<div class=\"wp-block-column is-layout-flow wp-block-column-is-layout-flow\">\n<p><strong>Nuestra Misi\u00f3n<\/strong><\/p>\n<\/div>\n<\/div>\n\n\n\n<div class=\"wp-block-columns is-layout-flex wp-container-core-columns-layout-2 wp-block-columns-is-layout-flex\">\n<div class=\"wp-block-column is-layout-flow wp-block-column-is-layout-flow\">\n<p>Somos una organizacion dedicada a desa- rrollar e implementar <strong>soluciones inform\u00e1- ticas para el siglo XXI<\/strong>. El software constru- ido <strong>artesanalmente escribiendo c\u00f3digo letra por letra<\/strong> pertenece al pasado. Y <strong>los enlatados tradicionales <\/strong>que lo \u00fanico que logran es nivelar hacia abajo, tambien. Con 35 a\u00f1os de trayectoria, <strong>hemos sido part\u00edci- pes de ambas \u00e9pocas.<\/strong> <\/p>\n<\/div>\n\n\n\n<div class=\"wp-block-column is-layout-flow wp-block-column-is-layout-flow\">\n<figure class=\"wp-block-image size-full\"><img loading=\"lazy\" decoding=\"async\" width=\"923\" height=\"615\" src=\"https:\/\/newsite.tixtools.com.ar\/wp-content\/uploads\/2022\/08\/Nuestra-Mision.jpg\" alt=\"\" class=\"wp-image-203\" srcset=\"https:\/\/tixtools.com.ar\/wp-content\/uploads\/2022\/08\/Nuestra-Mision.jpg 923w, https:\/\/tixtools.com.ar\/wp-content\/uploads\/2022\/08\/Nuestra-Mision-300x200.jpg 300w, https:\/\/tixtools.com.ar\/wp-content\/uploads\/2022\/08\/Nuestra-Mision-768x512.jpg 768w\" sizes=\"(max-width: 923px) 100vw, 923px\" \/><\/figure>\n<\/div>\n<\/div>\n\n\n\n<p>Hoy y utilizando las herramientas de la <strong>Arquitectura Conducida por Modelos (MDA)<\/strong> proveemos e implementamos aplicaciones completas y complejas, como <strong>SISTEMAS PREDISE\u00d1ADOS, <\/strong>de despliegue inmediato (como un enlatado) y al mismo tiempo customizables <strong>a la medida de las necesidades de cada cliente<\/strong>.<\/p>\n\n\n\n<div style=\"height:41px\" aria-hidden=\"true\" class=\"wp-block-spacer\"><\/div>\n\n\n\n<p><strong>Nuestra Visi\u00f3n<\/strong><\/p>\n\n\n\n<div class=\"wp-block-columns is-layout-flex wp-container-core-columns-layout-3 wp-block-columns-is-layout-flex\">\n<div class=\"wp-block-column is-layout-flow wp-block-column-is-layout-flow\">\n<figure class=\"wp-block-image size-full\"><img loading=\"lazy\" decoding=\"async\" width=\"849\" height=\"614\" src=\"https:\/\/newsite.tixtools.com.ar\/wp-content\/uploads\/2022\/08\/Nuestra-Vision.jpg\" alt=\"\" class=\"wp-image-204\" srcset=\"https:\/\/tixtools.com.ar\/wp-content\/uploads\/2022\/08\/Nuestra-Vision.jpg 849w, https:\/\/tixtools.com.ar\/wp-content\/uploads\/2022\/08\/Nuestra-Vision-300x217.jpg 300w, https:\/\/tixtools.com.ar\/wp-content\/uploads\/2022\/08\/Nuestra-Vision-768x555.jpg 768w\" sizes=\"(max-width: 849px) 100vw, 849px\" \/><\/figure>\n<\/div>\n\n\n\n<div class=\"wp-block-column is-layout-flow wp-block-column-is-layout-flow\">\n<p><strong>Aspiramos a<\/strong> <strong>convertirnos en referente de esta opci\u00f3n que permite reducir tanto los plazos como los costos de implementa- ci\u00f3n de sistemas de gesti\u00f3n industrial y administrativa, como adecuarse a las<\/strong> <strong>particularidades<\/strong> de cada organizaci\u00f3n que constituyen sus <strong>ventajas competitivas<\/strong>, y pretendemos que el software sea la <strong>herra- mienta para desarrollarlas<\/strong>. <\/p>\n<\/div>\n<\/div>\n\n\n\n<p>Queremos llegar a desplazar los desarrollos\u00a0 \u2018a la medida\u2019, que particularmente para las PyMEs resultan<strong> insostenibles por costos, tiempos y perversa dependencia del desarro- llador<\/strong>.<\/p>\n\n\n\n<div style=\"height:42px\" aria-hidden=\"true\" class=\"wp-block-spacer\"><\/div>\n\n\n\n<p><strong>Nuestros Valores y Compromisos<\/strong><\/p>\n\n\n\n<div class=\"wp-block-columns is-layout-flex wp-container-core-columns-layout-4 wp-block-columns-is-layout-flex\">\n<div class=\"wp-block-column is-layout-flow wp-block-column-is-layout-flow\">\n<ul><li>Mejora Cont\u00ednua<\/li><li>Sentido Com\u00fan<\/li><li>Calidad Total<\/li><li>Innovacion y Diversidad<\/li><li>Lo Simple es Seguro<\/li><li>Responsabilidad Social<\/li><li>Cooperacion \u2013 Networking<\/li><li>Servicio al Cliente<\/li><\/ul>\n<\/div>\n\n\n\n<div class=\"wp-block-column is-layout-flow wp-block-column-is-layout-flow\"><div class=\"wp-block-image\">\n<figure class=\"aligncenter size-full is-resized\"><img loading=\"lazy\" decoding=\"async\" src=\"https:\/\/newsite.tixtools.com.ar\/wp-content\/uploads\/2022\/08\/Nuestros-Valores.jpg\" alt=\"\" class=\"wp-image-205\" width=\"415\" height=\"274\" srcset=\"https:\/\/tixtools.com.ar\/wp-content\/uploads\/2022\/08\/Nuestros-Valores.jpg 930w, https:\/\/tixtools.com.ar\/wp-content\/uploads\/2022\/08\/Nuestros-Valores-300x198.jpg 300w, https:\/\/tixtools.com.ar\/wp-content\/uploads\/2022\/08\/Nuestros-Valores-768x508.jpg 768w\" sizes=\"(max-width: 415px) 100vw, 415px\" \/><figcaption><strong>Eficacia \u2013 Seguridad \u2013 Confianza<\/strong><\/figcaption><\/figure><\/div><\/div>\n<\/div>\n","protected":false},"excerpt":{"rendered":"<p>Nuestra Misi\u00f3n Somos una organizacion dedicada a desa- rrollar e implementar soluciones inform\u00e1- ticas para el siglo XXI. El software constru- ido artesanalmente escribiendo c\u00f3digo letra por letra pertenece al&hellip;<\/p>\n","protected":false},"author":1,"featured_media":0,"parent":0,"menu_order":0,"comment_status":"closed","ping_status":"closed","template":"","meta":{"sfsi_plus_gutenberg_text_before_share":"","sfsi_plus_gutenberg_show_text_before_share":"","sfsi_plus_gutenberg_icon_type":"","sfsi_plus_gutenberg_icon_alignemt":"","sfsi_plus_gutenburg_max_per_row":"","footnotes":""},"_links":{"self":[{"href":"https:\/\/tixtools.com.ar\/inicio\/wp-json\/wp\/v2\/pages\/202"}],"collection":[{"href":"https:\/\/tixtools.com.ar\/inicio\/wp-json\/wp\/v2\/pages"}],"about":[{"href":"https:\/\/tixtools.com.ar\/inicio\/wp-json\/wp\/v2\/types\/page"}],"author":[{"embeddable":true,"href":"https:\/\/tixtools.com.ar\/inicio\/wp-json\/wp\/v2\/users\/1"}],"replies":[{"embeddable":true,"href":"https:\/\/tixtools.com.ar\/inicio\/wp-json\/wp\/v2\/comments?post=202"}],"version-history":[{"count":14,"href":"https:\/\/tixtools.com.ar\/inicio\/wp-json\/wp\/v2\/pages\/202\/revisions"}],"predecessor-version":[{"id":488,"href":"https:\/\/tixtools.com.ar\/inicio\/wp-json\/wp\/v2\/pages\/202\/revisions\/488"}],"wp:attachment":[{"href":"https:\/\/tixtools.com.ar\/inicio\/wp-json\/wp\/v2\/media?parent=202"}],"curies":[{"name":"wp","href":"https:\/\/api.w.org\/{rel}","templated":true}]}}