{"id":1231,"date":"2024-10-30T15:00:52","date_gmt":"2024-10-30T18:00:52","guid":{"rendered":"https:\/\/tixtools.com.ar\/inicio\/?page_id=1231"},"modified":"2024-10-30T15:00:52","modified_gmt":"2024-10-30T18:00:52","slug":"conexion-por-lan-o-escritorio-remoto","status":"publish","type":"page","link":"https:\/\/tixtools.com.ar\/inicio\/conexion-por-lan-o-escritorio-remoto\/","title":{"rendered":"Conexi\u00f3n por LAN o Escritorio Remoto"},"content":{"rendered":"\n<p>TIXTOOLS ofrece distintas <strong>opciones de conexi\u00f3n<\/strong> del cliente con el servidor, entre las que se destacan la de <strong>Escritorio Remoto<\/strong> (Terminal Services) y la conexi\u00f3n por <strong>LAN<\/strong> (Local Area Network).<\/p>\n\n\n\n<p>Ante la consulta de <strong>cu\u00e1l de las dos es &#8220;mejor&#8221;<\/strong> no hay una respuesta univoca &#8230; cada una ofrece ventajas y tambi\u00e9n plantea requisitos t\u00e9cnicos, aunque hay situaciones (algunas pocas) en las que <strong>podr\u00eda utilizarse una u otra conexi\u00f3n indistintamente.<\/strong><\/p>\n\n\n\n<p>Una de las grandes <strong>ventajas de TIXTOOLS<\/strong> frente a otros sistemas, incluso de clase mundial, es que permite que distintos usuarios se conecten de una u otra manera <strong>indistintamente contra la misma aplicaci\u00f3n y base de datos.<\/strong><\/p>\n\n\n\n<p>E igualdad de condiciones <strong>es preferible la conexi\u00f3n por LAN<\/strong>, debiendo cumplirse las siguientes condiciones:<\/p>\n\n\n\n<ul>\n<li>La estaci\u00f3n de trabajo &#8216;Cliente&#8217; debe estar en <strong>la misma red local<\/strong> que el equipo &#8216;servidor&#8217; y ambos en el mismo grupo de trabajo y dominio.<\/li>\n\n\n\n<li>El usuario del equipo &#8216;Cliente&#8217; debe tener <strong>acceso de control total<\/strong> a la carpeta de instalaci\u00f3n del TIXTOOLS en el &#8216;servidor&#8217; y a todas sus sub-carpetas. Esto puede verificarse accediendo desde el cliente por <strong>red &#8211;> servidor &#8211;> carpeta TIXTOOLS<\/strong> y probando de crear \/ borrar alg\u00fan archivo<\/li>\n\n\n\n<li>En caso de que la base de datos sea un SQL Server, <strong>debe verificarse la conectividad<\/strong> desde el cliente por ODBC. Para m\u00e1s informaci\u00f3n vea el <a href=\"https:\/\/tixtools.com.ar\/A_SITIO_WEB_TIXTOOLS_2022\/DOCUMENTACION\/INSTRUCTIVOS\/Instructivo%20Revision%20de%20Accesos%20por%20ODBC.pdf\">siguiente procedimiento<\/a>.<\/li>\n\n\n\n<li>Teniendo en cuenta que en LAN el procesamiento &#8216;ocurre&#8217; en la estaci\u00f3n de trabajo cliente, los requerimientos de hardware son algo m\u00e1s elevados que en conexion por escritorio remoto; en particular <strong>la memoria RAM m\u00ednima recomendada es de 3,6 Gbyte<\/strong><\/li>\n<\/ul>\n\n\n\n<p>Si su conexion por LAN est\u00e1 funcionando, <strong>puede omitir todo lo anterior<\/strong>; solo es necesario en caso de querer establecer una nueva conexi\u00f3n por red de \u00e1rea local.<\/p>\n\n\n\n<p>Y nuevamente, <strong>si la conexi\u00f3n por LAN est\u00e1 funcionando, se recomienda utilizar esta<\/strong>, reduciendo la carga de trabajo sobre el servidor.<\/p>\n\n\n\n<p>Para <strong>configurar una estaci\u00f3n cliente<\/strong> para conectarse al sistema por LAN, vea <a href=\"https:\/\/tixtools.com.ar\/A_SITIO_WEB_TIXTOOLS_2022\/DOCUMENTACION\/INSTRUCTIVOS\/Paso%20a%20Paso%20Conexion%20Estaci%c3%b3n%20Cliente%20LAN.pdf\">este instructivo<\/a>.<\/p>\n\n\n\n<p>Tener presente que <strong>los utilitarios <\/strong>que usar\u00e1 (Office, Excel, Word, Acrobat Reader, etc) <strong>ser\u00e1n los del cliente<\/strong>; no los del servidor. Lo mismo aplica a las <strong>configuraciones regionales, fecha y hora<\/strong>.<\/p>\n\n\n\n<p>La conexi\u00f3n por escritorio remoto se recomienda <strong>unicamente para casos en que no se cumplan alguna de las condiciones anteriores<\/strong>; en particular que cliente y servidor no est\u00e9n sobre la misma red o grupo de trabajo.<\/p>\n\n\n\n<p>Para configurar correctamente la conexi\u00f3n por escritorio remoto consulte <a href=\"https:\/\/tixtools.com.ar\/A_SITIO_WEB_TIXTOOLS_2022\/DOCUMENTACION\/INSTRUCTIVOS\/Paso%20a%20Paso%20Conexion%20Estaci%c3%b3n%20Cliente%20LAN.pdf\">este instructivo<\/a>.<\/p>\n\n\n\n<p> <\/p>\n","protected":false},"excerpt":{"rendered":"<p>TIXTOOLS ofrece distintas opciones de conexi\u00f3n del cliente con el servidor, entre las que se destacan la de Escritorio Remoto (Terminal Services) y la conexi\u00f3n por LAN (Local Area Network).&hellip;<\/p>\n","protected":false},"author":1,"featured_media":0,"parent":0,"menu_order":0,"comment_status":"closed","ping_status":"closed","template":"","meta":{"sfsi_plus_gutenberg_text_before_share":"","sfsi_plus_gutenberg_show_text_before_share":"","sfsi_plus_gutenberg_icon_type":"","sfsi_plus_gutenberg_icon_alignemt":"","sfsi_plus_gutenburg_max_per_row":"","footnotes":""},"_links":{"self":[{"href":"https:\/\/tixtools.com.ar\/inicio\/wp-json\/wp\/v2\/pages\/1231"}],"collection":[{"href":"https:\/\/tixtools.com.ar\/inicio\/wp-json\/wp\/v2\/pages"}],"about":[{"href":"https:\/\/tixtools.com.ar\/inicio\/wp-json\/wp\/v2\/types\/page"}],"author":[{"embeddable":true,"href":"https:\/\/tixtools.com.ar\/inicio\/wp-json\/wp\/v2\/users\/1"}],"replies":[{"embeddable":true,"href":"https:\/\/tixtools.com.ar\/inicio\/wp-json\/wp\/v2\/comments?post=1231"}],"version-history":[{"count":4,"href":"https:\/\/tixtools.com.ar\/inicio\/wp-json\/wp\/v2\/pages\/1231\/revisions"}],"predecessor-version":[{"id":1235,"href":"https:\/\/tixtools.com.ar\/inicio\/wp-json\/wp\/v2\/pages\/1231\/revisions\/1235"}],"wp:attachment":[{"href":"https:\/\/tixtools.com.ar\/inicio\/wp-json\/wp\/v2\/media?parent=1231"}],"curies":[{"name":"wp","href":"https:\/\/api.w.org\/{rel}","templated":true}]}}