{"id":1209,"date":"2024-10-16T14:34:59","date_gmt":"2024-10-16T17:34:59","guid":{"rendered":"https:\/\/tixtools.com.ar\/inicio\/?page_id=1209"},"modified":"2024-10-16T15:25:39","modified_gmt":"2024-10-16T18:25:39","slug":"ajuste-de-existencias-de-stock","status":"publish","type":"page","link":"https:\/\/tixtools.com.ar\/inicio\/ajuste-de-existencias-de-stock\/","title":{"rendered":"Ajuste de Existencias de Stock"},"content":{"rendered":"\n<p>TIXTOOLS permite ajustar la existencia por c\u00f3digo &#8211; lote &#8211; dep\u00f3sito generando un movimiento de ingreso \/ salida correspondiente a la diferencia declarada.<\/p>\n\n\n\n<p>Para el ajuste individual entrar a <strong>Log\u00edstica &#8211;> Movimientos de Stocks &#8211;> Ajustes y Transferencias &#8211;> Ajustes Directos<\/strong>.<\/p>\n\n\n<div class=\"wp-block-image\">\n<figure class=\"aligncenter size-full\"><img loading=\"lazy\" decoding=\"async\" width=\"531\" height=\"507\" src=\"https:\/\/tixtools.com.ar\/wp-content\/uploads\/2024\/10\/Ajuste-de-Stock.jpg\" alt=\"\" class=\"wp-image-1212\" srcset=\"https:\/\/tixtools.com.ar\/wp-content\/uploads\/2024\/10\/Ajuste-de-Stock.jpg 531w, https:\/\/tixtools.com.ar\/wp-content\/uploads\/2024\/10\/Ajuste-de-Stock-300x286.jpg 300w\" sizes=\"(max-width: 531px) 100vw, 531px\" \/><\/figure><\/div>\n\n\n<p>El sistema presentar\u00e1 la ficha de Ajuste de Existencias de Stock por Lote.<\/p>\n\n\n\n<p>En el casillero rotulado &#8216;Codigo de Producto&#8217; introduzca el c\u00f3digo del art\u00edculo a ajustar.<\/p>\n\n\n\n<p>Tambi\u00e9n puede seleccionarlo del desplegable haciendo click sobre el bot\u00f3n correspondiente a la derecha del casillero.<\/p>\n\n\n\n<p>El sistema presentar\u00e1 los datos: Descripci\u00f3n, Tipo de Material y Unidad de Medida.<\/p>\n\n\n\n<p>En el casillero &#8216;Identificador&#8217; seleccione el lote abriendo el desplegable haciendo click sobre el bot\u00f3n a la derecha del casillero. En caso de que el lote no exista en la base de datos, puede crearlo directamente desde esta ficha haciendo doble-click sobre el bot\u00f3n &#8216;Crea Nuevo Lote&#8217; (ver m\u00e1s abajo).<\/p>\n\n\n\n<p>El sistema presentar\u00e1 el dep\u00f3sito en que se encuentra ubicado el lote elegido.<\/p>\n\n\n\n<p>En el casillero rotulado &#8216;Cantidad&#8217; introduzca la cantidad ajustada en la unidad presentada m\u00e1s arriba. No debe introducir la diferencia de stock sino la existencia total registrada en el dep\u00f3sito. TIXTOOLS calcula la diferencia (en m\u00e1s o menos) y la presenta en uno de los casilleros inferiores como Entrada o Salida. Puede registrar tambi\u00e9n la cantidad de bultos como par\u00e1metro opcional.<\/p>\n\n\n\n<p>Es obligatorio introducir una &#8216;Referencia&#8217; del movimiento.<\/p>\n\n\n<div class=\"wp-block-image\">\n<figure class=\"aligncenter size-full\"><img loading=\"lazy\" decoding=\"async\" width=\"533\" height=\"508\" src=\"https:\/\/tixtools.com.ar\/wp-content\/uploads\/2024\/10\/Ajuste-de-Stock-2.jpg\" alt=\"\" class=\"wp-image-1217\" srcset=\"https:\/\/tixtools.com.ar\/wp-content\/uploads\/2024\/10\/Ajuste-de-Stock-2.jpg 533w, https:\/\/tixtools.com.ar\/wp-content\/uploads\/2024\/10\/Ajuste-de-Stock-2-300x286.jpg 300w\" sizes=\"(max-width: 533px) 100vw, 533px\" \/><\/figure><\/div>\n\n\n<p>Con click sobre &#8216;Guardar&#8217; el sistema registra la transacci\u00f3n como movimiento de ingreso o consumo. Puede verificarlo en la Consulta de Disponibilidad y en la Ficha de Movimientos de Stock.<\/p>\n\n\n\n<p>El movimiento se registra con la fecha actual. Puede ajustarla en el casillero &#8216;Fecha&#8217; desplegando el calendario, antes de guardar.<\/p>\n\n\n\n<p>Si el lote no se encuentra registrado, puede crear un nuevo lote con doble click sobre el bot\u00f3n &#8216;Crea Nuevo Lote&#8217;. TIXTOOLS presentar\u00e1 la siguiente pantalla de creacion de lote:<\/p>\n\n\n<div class=\"wp-block-image\">\n<figure class=\"aligncenter size-full\"><img loading=\"lazy\" decoding=\"async\" width=\"533\" height=\"584\" src=\"https:\/\/tixtools.com.ar\/wp-content\/uploads\/2024\/10\/Creacion-de-un-Nuevo-Lote.jpg\" alt=\"\" class=\"wp-image-1218\" srcset=\"https:\/\/tixtools.com.ar\/wp-content\/uploads\/2024\/10\/Creacion-de-un-Nuevo-Lote.jpg 533w, https:\/\/tixtools.com.ar\/wp-content\/uploads\/2024\/10\/Creacion-de-un-Nuevo-Lote-274x300.jpg 274w\" sizes=\"(max-width: 533px) 100vw, 533px\" \/><\/figure><\/div>\n\n\n<p>El c\u00f3digo de producto es tomado de la pantalla anterior y no puede modificarse.<\/p>\n\n\n\n<p>Introduzca los datos obligatorios marcados con flechas. En el casillero &#8216;Status&#8217; introduzca 1 por &#8216;Cuarentena&#8217; o 3 por &#8216;Aprobado&#8217;.<\/p>\n\n\n\n<p>Con click sobre &#8216;Guardar&#8217; se registra el nuevo lote en el sistema y devuelve el control a la pantalla anterior para continuar con el ajuste de stocks. El nuevo lote creado aparecer\u00e1 en el desplegable correspondiente a &#8216;Identificador&#8217;. Si no es inmediato puede forzar el refresco con click sobre el bot\u00f3n &#8216;Refrescar&#8217; del desplegable de selecci\u00f3n.<\/p>\n\n\n\n<p>Importante: <strong>TIXTOOLS no valida la no pre-existencia del lote. Debe verificarse visualmente para evitar crear accidentalmente un lote ya existente para el mismo art\u00edculo<\/strong>.<\/p>\n","protected":false},"excerpt":{"rendered":"<p>TIXTOOLS permite ajustar la existencia por c\u00f3digo &#8211; lote &#8211; dep\u00f3sito generando un movimiento de ingreso \/ salida correspondiente a la diferencia declarada. Para el ajuste individual entrar a Log\u00edstica&hellip;<\/p>\n","protected":false},"author":1,"featured_media":0,"parent":0,"menu_order":0,"comment_status":"closed","ping_status":"closed","template":"","meta":{"sfsi_plus_gutenberg_text_before_share":"","sfsi_plus_gutenberg_show_text_before_share":"","sfsi_plus_gutenberg_icon_type":"","sfsi_plus_gutenberg_icon_alignemt":"","sfsi_plus_gutenburg_max_per_row":"","footnotes":""},"_links":{"self":[{"href":"https:\/\/tixtools.com.ar\/inicio\/wp-json\/wp\/v2\/pages\/1209"}],"collection":[{"href":"https:\/\/tixtools.com.ar\/inicio\/wp-json\/wp\/v2\/pages"}],"about":[{"href":"https:\/\/tixtools.com.ar\/inicio\/wp-json\/wp\/v2\/types\/page"}],"author":[{"embeddable":true,"href":"https:\/\/tixtools.com.ar\/inicio\/wp-json\/wp\/v2\/users\/1"}],"replies":[{"embeddable":true,"href":"https:\/\/tixtools.com.ar\/inicio\/wp-json\/wp\/v2\/comments?post=1209"}],"version-history":[{"count":4,"href":"https:\/\/tixtools.com.ar\/inicio\/wp-json\/wp\/v2\/pages\/1209\/revisions"}],"predecessor-version":[{"id":1219,"href":"https:\/\/tixtools.com.ar\/inicio\/wp-json\/wp\/v2\/pages\/1209\/revisions\/1219"}],"wp:attachment":[{"href":"https:\/\/tixtools.com.ar\/inicio\/wp-json\/wp\/v2\/media?parent=1209"}],"curies":[{"name":"wp","href":"https:\/\/api.w.org\/{rel}","templated":true}]}}